 Calculate the greatest common divisor of 783 and l.
29
Let r = 743 + -705. What is the greatest common divisor of 817 and r?
19
Let f = 839 - 751. Let c(r) = -r**3 + 7*r**2 - 7*r + 9. Let h be c(6). Let l(u) = 4*u - 4. Let g be l(h). What is the highest common factor of f and g?
8
Let l(m) = 4*m**3 - m**2 - 7*m + 3. Let j be l(3). Suppose -u + 4*u = j. Calculate the highest common divisor of 3 and u.
3
Let n = 48 - 41. Suppose 0 = n*m - 75 + 5. What is the highest common factor of m and 25?
5
Suppose 2*p - 56 = -2*o, -3*p + 9 = -3*o - 63. Suppose 0 = 5*a + 4*q - 34 - p, -4*a = 5*q - 39. Let j = -4 - -6. What is the greatest common divisor of a and j?
2
Suppose -i - 6 = -4*i. Suppose -x + 63 = i*n - 1, -x = n - 65. Let s be (6/(-4))/((-3)/x). Calculate the greatest common factor of s and 11.
11
Let m(r) be the third derivative of 0*r + 0*r**3 + 1/60*r**5 - 7*r**2 + 0 - 1/24*r**4. Let b be m(-3). Calculate the greatest common factor of 18 and b.
6
Let m = 41 + -23. Suppose 4*p = -0*s - 2*s - 4, 5*s - 4*p = m. Let j be 28/16 - 9/108*-3. Calculate the greatest common factor of s and j.
2
Let k be (-80)/(-50)*(-30)/(-4). Let c = 8 - k. Let a = 4 - c. What is the highest common factor of 1 and a?
1
Let x be 2 + -2 - (-4 + 2). Suppose 4*r - 6*r - 3*y + 14 = 0, y = x. Suppose r*w - 14 - 50 = 0. Calculate the greatest common divisor of 160 and w.
16
Suppose -2*s + k = -18, -2*k + 12 = 2*s - 0*s. Calculate the highest common divisor of 376 and s.
8
Let q = 15 + -4. Let m = 81 - q. What is the highest common divisor of m and 28?
14
Let s(f) = f. Let p(t) = -1. Let v(m) = p(m) - 3*s(m). Let b be v(-1). Let o(i) = -3*i. Let u be o(-1). What is the greatest common divisor of b and u?
1
Suppose -23*x - 589 + 865 = 0. Let s be (-8)/(-2) + 1/(-1). Suppose -36 = -2*k - 3*u, 80 = 5*k - s*u - 52. Calculate the highest common factor of k and x.
12
Let w be (-4 + 425/(-20))*4. Let b = w - -145. Calculate the highest common factor of 110 and b.
22
Let i be (-6)/3*-3 + 4. Let r = -7 + 9. What is the greatest common factor of r and i?
2
Let d(j) = j**3 - 21*j**2 + 64*j - 30. Let h be d(18). Calculate the highest common factor of h and 18.
6
Suppose 23*w + 468 = 20*w. Let c be 3/(-15) + w/(-30). What is the highest common factor of c and 45?
5
Suppose -5*q - 4*b = -5, 0 = -5*q - 2*b + 5 - 0. Suppose 4 = 2*z - g, -22*z + 2*g = -17*z - 12. What is the highest common divisor of z and q?
1
Suppose -16 = 3*f - 5*q, -3*q - 8 = -23. Suppose 4*z - 7*z = 2*x - 246, -f*x = 5*z - 411. What is the greatest common divisor of 21 and z?
21
Let v be (-1)/(-2) - (-2653)/14. Suppose 0*d = -4*a + 5*d + 51, -a = 2*d - 29. What is the highest common factor of a and v?
19
Suppose -679*b + 674*b = -850. Calculate the greatest common factor of b and 10.
10
Let w = -134 + 178. Suppose l + 36 = w. Let o be 4/14 - 166/(-7). What is the highest common divisor of o and l?
8
Let r be 3591/28 + 3/4 + -1. What is the greatest common factor of 48 and r?
16
Suppose 16 = 5*l - f - f, 0 = 5*l + 5*f - 30. Suppose 4*p = 3*p + 5. Suppose p*y - 8 = y. Calculate the highest common divisor of y and l.
2
Suppose -3*m + 2*m + 951 = 5*w, 3*w - 572 = -2*m. Suppose -226 = -3*k + 2*d, -5*k + 21 = -d - 358. What is the greatest common divisor of k and w?
38
Suppose -5*d = -2*v - 269, -v = d - 75 + 17. Let z = 10 - -12. Calculate the greatest common divisor of z and d.
11
Let v be (72/30)/((-7)/(-350)). Calculate the greatest common factor of v and 45.
15
Suppose -4*v = 5*q - 161, 2*v = -q - 0*v + 31. Let x be ((-9)/(-2))/(q/44). What is the highest common divisor of x and 15?
3
Let s(i) = -27*i - 10. Let r be s(-10). Suppose -6*v - 7*v + r = 0. Calculate the greatest common divisor of 30 and v.
10
Let r(y) = 46*y + 277. Let a be r(-6). Let l(t) = 2*t**3 - t**2 + t - 1. Let n be l(1). Calculate the greatest common divisor of a and n.
1
Let y(i) = 3*i**2 - 2*i + 6. Let l be y(4). Let v = 59 - l. Let t(k) = 4*k**2 - k - 1. Let r be t(2). What is the highest common factor of r and v?
13
Let m(j) = j**3 + 10*j**2 - 2*j - 5. Let h be m(-5). Suppose -d = d - h. Let v be (13/(-5))/((-10)/50). What is the highest common factor of d and v?
13
Let y = -133 - -129. Let h be y/(-2) - (2 - 119). What is the greatest common divisor of 17 and h?
17
Let b = -86 - -184. What is the greatest common divisor of 14 and b?
14
Suppose 3*h = -4*o + 68, -h - 2*o + 2 = -24. Suppose h*k = k + 735. Calculate the highest common factor of k and 7.
7
Suppose -9 - 1 = -5*m. Suppose o + m*q = -q + 17, 0 = 3*q - 3. Let p be 12/(-24)*(-504)/2. Calculate the greatest common factor of p and o.
14
Let z(n) = -n**3 - 3*n**2 - 2. Let u be z(-2). Let a(p) = 2*p - 17. Let j be a(7). Let c be j/u - 79/(-2). What is the highest common factor of c and 5?
5
Let r be 0 + 2/(-2) - 21. Let i be 5*(144/(-15))/3. Let u = i - r. What is the greatest common divisor of u and 24?
6
Let n(x) = x**2 + 8*x - 6. Let l be n(-9). Let v be 70 + 4 - (1 + l). Calculate the highest common factor of v and 10.
10
Let a = -46 - -54. Suppose d = -d. Suppose d = n - a - 6. What is the greatest common divisor of n and 14?
14
Let g(n) = 4*n - 33. Let t(a) = -2*a + 17. Let f = 2 - -9. Let o(y) = f*t(y) + 6*g(y). Let w be o(11). Calculate the greatest common factor of w and 99.
11
Let n = 258 - 218. Calculate the highest common factor of 200 and n.
40
Suppose -19*o - 48 = -25*o. Let c(f) = 7*f - 26. Let h be c(o). What is the greatest common factor of 24 and h?
6
Suppose 0 = -0*c + c - 5*u - 11, 0 = 2*c + 3*u - 22. Let k = -9 + c. Calculate the greatest common divisor of 22 and k.
2
Suppose -c = -y + 40, -5*c = 3*y - 171 + 115. Suppose 18 = 3*t - 6. What is the greatest common factor of y and t?
8
Let l be 39/18 - -4*1/(-24). What is the greatest common divisor of l and 82?
2
Let n be (400/(-30))/(4/18). Let t be (-4)/30*3 + (-5064)/n. Calculate the highest common factor of t and 21.
21
Let m(d) = 6*d - 49. Let j be m(16). Calculate the highest common factor of j and 423.
47
Let o(v) = -3*v**3 - 8*v**2 + 10*v + 9. Let d be o(-4). Suppose -m - 3*s = 2 + 4, -3*s = -4*m + 21. What is the highest common factor of d and m?
3
Suppose -3*l - 10 - 305 = 0. Let m = l - -107. Calculate the greatest common divisor of 16 and m.
2
Let h(z) be the second derivative of z**4/4 - z**3/2 - z**2 - 9*z. Let x be h(-2). Calculate the greatest common divisor of 80 and x.
16
Suppose 0 = -2*i - 4*p + 334, -5*p = -3*p + 4. What is the greatest common divisor of i and 285?
57
Let u = 356 + -341. What is the greatest common factor of 85 and u?
5
Let x(n) = n**3 - 3*n**2 - n - 17. Let d be x(0). Let u = d + 37. What is the greatest common factor of u and 4?
4
Suppose 3*f + 8 - 25 = 5*c, -2*f - 18 = 4*c. Let u be (24/16)/(143/140 + f). What is the highest common divisor of u and 28?
14
Suppose n + 262 = 5*w, 7*w = 3*w + 2*n + 206. Let h = 43 + w. Let g = 186 - h. What is the greatest common divisor of g and 10?
10
Suppose -5*r + 5*o + 15 = 0, -3*r + 9 = 2*o + 2*o. Suppose -q = 5*p + 11, 4*q - 3*p = r*q + 21. Calculate the greatest common divisor of q and 99.
9
Let b(n) = 6*n - 30. Let y = -40 + 46. Let d be b(y). Calculate the highest common factor of d and 66.
6
Suppose 3*p - 565 = 3*b + 404, -p - 4*b = -308. Calculate the highest common divisor of 800 and p.
160
Let t = -10 + 18. Suppose -20*d + t = -19*d. Let z be ((-16)/5)/(3/(-15)). What is the greatest common divisor of d and z?
8
Let p(m) = 16*m**2 - 16*m + 4. Let d be p(3). Calculate the greatest common divisor of d and 40.
20
Suppose 0 = g - 19 - 26. Suppose 0 = -j - 4*j - g. Let n be 0 + 9*j*-1. Calculate the highest common factor of n and 9.
9
Suppose -3*t = 4*a - 224, 4 = 4*t - a - 263. What is the greatest common factor of t and 85?
17
Let x(s) = -6*s - 7 + 4*s + 12*s - s**2. Let k be x(9). Suppose 2*n = 2, 0 = -h + k*n + 9 + 3. What is the highest common divisor of 98 and h?
14
Let u(q) = 152*q**3 - 2*q**2 + 3*q - 1. Let c be u(1). What is the highest common divisor of c and 114?
38
Let o be -5 + 3 + 0 + (-1 - -40). Let l = o + -10. Calculate the highest common factor of l and 9.
9
Let m(z) = 3*z**2 - 16*z + 33. Let p be m(11). Calculate the highest common divisor of 33 and p.
11
Let z(j) = -j - 3. Let i be z(-5). Suppose 0 = 2*f - 0*f - i. Suppose 